{"id":4672,"date":"2025-07-15T14:44:37","date_gmt":"2025-07-15T14:44:37","guid":{"rendered":"https:\/\/www.mestskapoliklinikase.sk\/?page_id=4672"},"modified":"2025-07-15T14:45:10","modified_gmt":"2025-07-15T14:45:10","slug":"oznamy-lekarov-a-informacie-o-nepritomnosti-lekarov","status":"publish","type":"page","link":"https:\/\/www.mestskapoliklinikase.sk\/?page_id=4672","title":{"rendered":"Oznamy lek\u00e1rov a inform\u00e1cie o nepr\u00edtomnosti lek\u00e1rov"},"content":{"rendered":"\t\t<div data-elementor-type=\"wp-page\" data-elementor-id=\"4672\" class=\"elementor elementor-4672\">\n\t\t\t\t<div class=\"elementor-element elementor-element-af05e43 e-flex e-con-boxed e-con e-parent\" data-id=\"af05e43\" data-element_type=\"container\" data-e-type=\"container\">\n\t\t\t\t\t<div class=\"e-con-inner\">\n\t\t\t\t<div class=\"elementor-element elementor-element-0618edd elementor-widget elementor-widget-wgl-blog\" data-id=\"0618edd\" data-element_type=\"widget\" data-e-type=\"widget\" data-settings=\"{&quot;blog_columns&quot;:&quot;1&quot;}\" data-widget_type=\"wgl-blog.default\">\n\t\t\t\t<div class=\"elementor-widget-container\">\n\t\t\t\t\t<div class=\"wgl_cpt_section\"><div class=\"blog-posts\"><div class=\"container-grid blog_col-1 grid blog-style-standard\">    <div class=\"item\">\r\n    <div class=\"blog-post format-standard format-no_featured format-standard hide_media\">\r\n    <div class=\"blog-post_wrapper\">    <div class=\"blog-post_content\"><span class=\"post_date\">29 apr\u00edla, 2026<\/span><div class=\"post_meta-wrap\"><div class=\"meta-data\"><span class=\"post_categories\"><span><a  href=\"https:\/\/www.mestskapoliklinikase.sk\/?cat=39\" >Nepr\u00edtomnos\u0165<\/a><\/span><\/span><span class=\"post_author\"><span>by <a href=\"https:\/\/www.mestskapoliklinikase.sk\/?author=2\">Info<\/a><\/span><\/span><span class=\"comments_post\"><a href=\"https:\/\/www.mestskapoliklinikase.sk\/?p=5639#respond\" title=\"Leave a reply\">0 <span>Comments<\/span><\/a><\/span><\/div><\/div><h4 class=\"blog-post_title\"><a href=\"https:\/\/www.mestskapoliklinikase.sk\/?p=5639\">MUDr. Rybnik\u00e1rov\u00e1 &#8211; nepr\u00edtomnos\u0165<\/a><\/h4><div class=\"blog-post_text\">Nepr\u00edtomnos\u0165 na ambulancii od 04.05.2026 do 08.05.2026 \n\n\n\n(sestra pr\u00edtomn\u00e1 na ambulancii d\u0148a: 05.05.2026-07.05.2026 do 12:00 hod.)<\/div><div class=\"clear\"><\/div><div class=\"blog-post_footer\">            <div class=\"read-more-wrap\">\r\n                <a href=\"https:\/\/www.mestskapoliklinikase.sk\/?p=5639\" class=\"button-read-more \"><span class=\"button__text\">Read More<\/span>                <\/a>\r\n            <\/div><div class=\"post_meta-wrap\"><\/div>    <\/div>\r\n    <\/div>\r\n    <\/div>\r\n    <\/div>\r\n    <\/div>    <div class=\"item\">\r\n    <div class=\"blog-post format-standard format-no_featured format-standard hide_media\">\r\n    <div class=\"blog-post_wrapper\">    <div class=\"blog-post_content\"><span class=\"post_date\">29 apr\u00edla, 2026<\/span><div class=\"post_meta-wrap\"><div class=\"meta-data\"><span class=\"post_categories\"><span><a  href=\"https:\/\/www.mestskapoliklinikase.sk\/?cat=39\" >Nepr\u00edtomnos\u0165<\/a><\/span><\/span><span class=\"post_author\"><span>by <a href=\"https:\/\/www.mestskapoliklinikase.sk\/?author=2\">Info<\/a><\/span><\/span><span class=\"comments_post\"><a href=\"https:\/\/www.mestskapoliklinikase.sk\/?p=5637#respond\" title=\"Leave a reply\">0 <span>Comments<\/span><\/a><\/span><\/div><\/div><h4 class=\"blog-post_title\"><a href=\"https:\/\/www.mestskapoliklinikase.sk\/?p=5637\">MUDr. Guzy &#8211; nepr\u00edtomnos\u0165<\/a><\/h4><div class=\"blog-post_text\">Nepr\u00edtomnos\u0165 na ambulancii: 11.05.2026-13.05.2026<\/div><div class=\"clear\"><\/div><div class=\"blog-post_footer\">            <div class=\"read-more-wrap\">\r\n                <a href=\"https:\/\/www.mestskapoliklinikase.sk\/?p=5637\" class=\"button-read-more \"><span class=\"button__text\">Read More<\/span>                <\/a>\r\n            <\/div><div class=\"post_meta-wrap\"><\/div>    <\/div>\r\n    <\/div>\r\n    <\/div>\r\n    <\/div>\r\n    <\/div>    <div class=\"item\">\r\n    <div class=\"blog-post format-standard format-no_featured format-standard hide_media\">\r\n    <div class=\"blog-post_wrapper\">    <div class=\"blog-post_content\"><span class=\"post_date\">29 apr\u00edla, 2026<\/span><div class=\"post_meta-wrap\"><div class=\"meta-data\"><span class=\"post_categories\"><span><a  href=\"https:\/\/www.mestskapoliklinikase.sk\/?cat=39\" >Nepr\u00edtomnos\u0165<\/a><\/span><\/span><span class=\"post_author\"><span>by <a href=\"https:\/\/www.mestskapoliklinikase.sk\/?author=2\">Info<\/a><\/span><\/span><span class=\"comments_post\"><a href=\"https:\/\/www.mestskapoliklinikase.sk\/?p=5635#respond\" title=\"Leave a reply\">0 <span>Comments<\/span><\/a><\/span><\/div><\/div><h4 class=\"blog-post_title\"><a href=\"https:\/\/www.mestskapoliklinikase.sk\/?p=5635\">MUDr. Wolfov\u00e1 &#8211; nepr\u00edtomnos\u0165<\/a><\/h4><div class=\"blog-post_text\">Nepr\u00edtomnos\u0165 na ambulancii: 08. 05. 2026<\/div><div class=\"clear\"><\/div><div class=\"blog-post_footer\">            <div class=\"read-more-wrap\">\r\n                <a href=\"https:\/\/www.mestskapoliklinikase.sk\/?p=5635\" class=\"button-read-more \"><span class=\"button__text\">Read More<\/span>                <\/a>\r\n            <\/div><div class=\"post_meta-wrap\"><\/div>    <\/div>\r\n    <\/div>\r\n    <\/div>\r\n    <\/div>\r\n    <\/div>    <div class=\"item\">\r\n    <div class=\"blog-post format-standard format-no_featured format-standard hide_media\">\r\n    <div class=\"blog-post_wrapper\">    <div class=\"blog-post_content\"><span class=\"post_date\">21 apr\u00edla, 2026<\/span><div class=\"post_meta-wrap\"><div class=\"meta-data\"><span class=\"post_categories\"><span><a  href=\"https:\/\/www.mestskapoliklinikase.sk\/?cat=39\" >Nepr\u00edtomnos\u0165<\/a><\/span><\/span><span class=\"post_author\"><span>by <a href=\"https:\/\/www.mestskapoliklinikase.sk\/?author=2\">Info<\/a><\/span><\/span><span class=\"comments_post\"><a href=\"https:\/\/www.mestskapoliklinikase.sk\/?p=5600#respond\" title=\"Leave a reply\">0 <span>Comments<\/span><\/a><\/span><\/div><\/div><h4 class=\"blog-post_title\"><a href=\"https:\/\/www.mestskapoliklinikase.sk\/?p=5600\">MUDr. Martin Pot\u00fa\u010dek &#8211; nepr\u00edtomnos\u0165<\/a><\/h4><div class=\"blog-post_text\">Nepr\u00edtomnos\u0165 na chirurgickej ambulancii: 19.05.2026<\/div><div class=\"clear\"><\/div><div class=\"blog-post_footer\">            <div class=\"read-more-wrap\">\r\n                <a href=\"https:\/\/www.mestskapoliklinikase.sk\/?p=5600\" class=\"button-read-more \"><span class=\"button__text\">Read More<\/span>                <\/a>\r\n            <\/div><div class=\"post_meta-wrap\"><\/div>    <\/div>\r\n    <\/div>\r\n    <\/div>\r\n    <\/div>\r\n    <\/div>    <div class=\"item\">\r\n    <div class=\"blog-post format-standard format-no_featured format-standard hide_media\">\r\n    <div class=\"blog-post_wrapper\">    <div class=\"blog-post_content\"><span class=\"post_date\">21 apr\u00edla, 2026<\/span><div class=\"post_meta-wrap\"><div class=\"meta-data\"><span class=\"post_categories\"><span><a  href=\"https:\/\/www.mestskapoliklinikase.sk\/?cat=39\" >Nepr\u00edtomnos\u0165<\/a><\/span><\/span><span class=\"post_author\"><span>by <a href=\"https:\/\/www.mestskapoliklinikase.sk\/?author=2\">Info<\/a><\/span><\/span><span class=\"comments_post\"><a href=\"https:\/\/www.mestskapoliklinikase.sk\/?p=5598#respond\" title=\"Leave a reply\">0 <span>Comments<\/span><\/a><\/span><\/div><\/div><h4 class=\"blog-post_title\"><a href=\"https:\/\/www.mestskapoliklinikase.sk\/?p=5598\">MUDr. Noskov\u00e1 &#8211; nepr\u00edtomnos\u0165<\/a><\/h4><div class=\"blog-post_text\">od 14.05.2026 do 15.05.2026; od 28.05.2026 do 29.05.2026; d\u0148a 05.06.2026<\/div><div class=\"clear\"><\/div><div class=\"blog-post_footer\">            <div class=\"read-more-wrap\">\r\n                <a href=\"https:\/\/www.mestskapoliklinikase.sk\/?p=5598\" class=\"button-read-more \"><span class=\"button__text\">Read More<\/span>                <\/a>\r\n            <\/div><div class=\"post_meta-wrap\"><\/div>    <\/div>\r\n    <\/div>\r\n    <\/div>\r\n    <\/div>\r\n    <\/div><\/div><\/div><\/div>\t\t\t\t<\/div>\n\t\t\t\t<\/div>\n\t\t\t\t\t<\/div>\n\t\t\t\t<\/div>\n\t\t\t\t<\/div>\n\t\t","protected":false},"excerpt":{"rendered":"<p>14 j\u00fala, 2025Nepr\u00edtomnos\u0165by IRMPLKN0 Comments MUDr. Janka \u0160v\u00e1rna &#8211; ordina\u010dn\u00e9 hodiny po\u010das j\u00fala a augusta MUDr. Janka \u0160v\u00e1rna\u00a0 bude v mesiacoch j\u00fal a august ordinova\u0165 od 7:00 &#8211; do 12:00. Read More 14 j\u00fala, 2025Nepr\u00edtomnos\u0165Uncategorizedby IRMPLKN0 Comments MUDr. \u0160ulek &#8211; nepr\u00edtomnos\u0165 MUDr. \u0160ulek &#8211; nepr\u00edtomnos\u0165 na ambulancii: od 14.7.2025 do 18.7.2025, z\u00e1stup: MUDr. Markovi\u010dov\u00e1 Read [&hellip;]<\/p>\n","protected":false},"author":1,"featured_media":0,"parent":0,"menu_order":0,"comment_status":"closed","ping_status":"closed","template":"","meta":{"_monsterinsights_skip_tracking":false,"_monsterinsights_sitenote_active":false,"_monsterinsights_sitenote_note":"","_monsterinsights_sitenote_category":0,"_uf_show_specific_survey":0,"_uf_disable_surveys":false,"footnotes":""},"class_list":["post-4672","page","type-page","status-publish","hentry"],"aioseo_notices":[],"_links":{"self":[{"href":"https:\/\/www.mestskapoliklinikase.sk\/index.php?rest_route=\/wp\/v2\/pages\/4672","targetHints":{"allow":["GET"]}}],"collection":[{"href":"https:\/\/www.mestskapoliklinikase.sk\/index.php?rest_route=\/wp\/v2\/pages"}],"about":[{"href":"https:\/\/www.mestskapoliklinikase.sk\/index.php?rest_route=\/wp\/v2\/types\/page"}],"author":[{"embeddable":true,"href":"https:\/\/www.mestskapoliklinikase.sk\/index.php?rest_route=\/wp\/v2\/users\/1"}],"replies":[{"embeddable":true,"href":"https:\/\/www.mestskapoliklinikase.sk\/index.php?rest_route=%2Fwp%2Fv2%2Fcomments&post=4672"}],"version-history":[{"count":0,"href":"https:\/\/www.mestskapoliklinikase.sk\/index.php?rest_route=\/wp\/v2\/pages\/4672\/revisions"}],"wp:attachment":[{"href":"https:\/\/www.mestskapoliklinikase.sk\/index.php?rest_route=%2Fwp%2Fv2%2Fmedia&parent=4672"}],"curies":[{"name":"wp","href":"https:\/\/api.w.org\/{rel}","templated":true}]}}